{"id":190,"date":"2016-04-25T15:16:30","date_gmt":"2016-04-25T13:16:30","guid":{"rendered":"http:\/\/jenaer-osterkonferenz.de\/?page_id=190"},"modified":"2018-05-27T14:13:56","modified_gmt":"2018-05-27T12:13:56","slug":"materialien-2016","status":"publish","type":"page","link":"http:\/\/jenaer-osterkonferenz.de\/?page_id=190","title":{"rendered":"Materialien 2016"},"content":{"rendered":"<p>Hier findet ihr die Materialien, die auf der oder\u00a0f\u00fcr die\u00a0Osterkonferenz 2016 entstanden sind:<\/p>\n<p><strong>Vortr\u00e4ge:<\/strong><\/p>\n<ul>\n<li>der Audiomitschnitt vom Vortrag Ottokar Lubans: demn\u00e4chst hier<\/li>\n<li>der Audiomitschnitt vom Vortrag David Salomons: demn\u00e4chst hier<\/li>\n<li>der Audiomitschnitt von der Verlesung des Vortragsskriptes von Mario Hesselbarth: <a href=\"http:\/\/falken-erfurt.de\/wp-content\/uploads\/2016\/04\/Vortrag-Hesselbarth.mp3\">MP3: Hesselbarth<\/a><\/li>\n<\/ul>\n<p><strong>Diskussionsgrundlagen:<\/strong><\/p>\n<ul>\n<li>das diskutierte Thesenpapier im Jugendforum &#8222;Antimilitarismus heute&#8220;:\u00a0<a href=\"http:\/\/jenaer-osterkonferenz.de\/wp-content\/uploads\/2016\/04\/Thesen_Antimilitarismus-heute.pdf\">PDF: Antimilitarismus<\/a><\/li>\n<li>das diskutierte Thesenpapier im Jugendforum &#8222;(Jugend-)Opposition heute&#8220;:\u00a0demn\u00e4chst hier<\/li>\n<\/ul>\n<p><strong>Kranzniederlegung:<\/strong><\/p>\n<ul>\n<li>der Mitschnitt von der Lesung bei der Kranzniederlegung: <a href=\"http:\/\/jenaer-osterkonferenz.de\/wp-content\/uploads\/2016\/04\/Krieg-dem-Krieg_-Lesung-und-Gesang-zur-Kranzniederlegung-der-Osterkonferenz-20.mp4\">MP4: Lesung<\/a><\/li>\n<\/ul>\n<p><strong>Auswertung:<\/strong><\/p>\n<ul>\n<li>einen Artikel des &#8222;Neuen Deutschland&#8220; \u00fcber unsere Konferenz: <a href=\"http:\/\/jenaer-osterkonferenz.de\/wp-content\/uploads\/2016\/04\/nd_osterkonferenz_artikel.pdf\">PDF: nd-Artikel<\/a><\/li>\n<li>der Beitrag des MDR Th\u00fcringen Journals: <a href=\"http:\/\/jenaer-osterkonferenz.de\/wp-content\/uploads\/2016\/04\/Jena-Osterkonferenz.mp4\">MP4: Th\u00fcringen Journal<\/a><\/li>\n<li>der Bericht in der &#8222;AJ&#8220;: demn\u00e4chst hier<\/li>\n<\/ul>\n","protected":false},"excerpt":{"rendered":"<p>Hier findet ihr die Materialien, die auf der oder\u00a0f\u00fcr die\u00a0Osterkonferenz 2016 entstanden sind: Vortr\u00e4ge: der Audiomitschnitt vom Vortrag Ottokar Lubans: demn\u00e4chst hier der Audiomitschnitt vom Vortrag David Salomons: demn\u00e4chst hier der Audiomitschnitt von der Verlesung des Vortragsskriptes von Mario Hesselbarth: MP3: Hesselbarth Diskussionsgrundlagen: das diskutierte Thesenpapier im Jugendforum &#8222;Antimilitarismus heute&#8220;:\u00a0PDF: Antimilitarismus das diskutierte Thesenpapier im &hellip; <a href=\"http:\/\/jenaer-osterkonferenz.de\/?page_id=190\" class=\"more-link\"><span class=\"screen-reader-text\">\u201eMaterialien 2016\u201c <\/span>weiterlesen<\/a><\/p>\n","protected":false},"author":1,"featured_media":0,"parent":0,"menu_order":0,"comment_status":"closed","ping_status":"closed","template":"","meta":{"jetpack_post_was_ever_published":false,"footnotes":""},"class_list":["post-190","page","type-page","status-publish","hentry"],"jetpack_sharing_enabled":true,"jetpack_shortlink":"https:\/\/wp.me\/P7Hy7Y-34","_links":{"self":[{"href":"http:\/\/jenaer-osterkonferenz.de\/index.php?rest_route=\/wp\/v2\/pages\/190","targetHints":{"allow":["GET"]}}],"collection":[{"href":"http:\/\/jenaer-osterkonferenz.de\/index.php?rest_route=\/wp\/v2\/pages"}],"about":[{"href":"http:\/\/jenaer-osterkonferenz.de\/index.php?rest_route=\/wp\/v2\/types\/page"}],"author":[{"embeddable":true,"href":"http:\/\/jenaer-osterkonferenz.de\/index.php?rest_route=\/wp\/v2\/users\/1"}],"replies":[{"embeddable":true,"href":"http:\/\/jenaer-osterkonferenz.de\/index.php?rest_route=%2Fwp%2Fv2%2Fcomments&post=190"}],"version-history":[{"count":4,"href":"http:\/\/jenaer-osterkonferenz.de\/index.php?rest_route=\/wp\/v2\/pages\/190\/revisions"}],"predecessor-version":[{"id":198,"href":"http:\/\/jenaer-osterkonferenz.de\/index.php?rest_route=\/wp\/v2\/pages\/190\/revisions\/198"}],"wp:attachment":[{"href":"http:\/\/jenaer-osterkonferenz.de\/index.php?rest_route=%2Fwp%2Fv2%2Fmedia&parent=190"}],"curies":[{"name":"wp","href":"https:\/\/api.w.org\/{rel}","templated":true}]}}